 common factor of 44 and h?
22
Suppose 0*d + 3*a - 75 = -5*d, 41 = 3*d + a. Suppose d = -8*g + 148. What is the greatest common divisor of g and 85?
17
Suppose -2*y - 28 = -4*n + 2*y, -n = 2*y - 4. Suppose 0*a = 5*a - 95. Suppose 0 = -z + a + 23. What is the greatest common divisor of n and z?
6
Suppose -2*y - 3*d - 2 = 0, -2*y + 5*d + 5 = -5*y. What is the greatest common factor of 125 and y?
5
Suppose -3*l = -17 - 25. Suppose 15 = -3*u, x + 3*u + 149 = u. Let m = -27 - x. Calculate the greatest common divisor of l and m.
14
Suppose 5*n - 57 = 2*l, n + 2*l = -0*l + 21. Let x = -21 + 33. Let u be (68/x + 3)*3. Calculate the greatest common divisor of u and n.
13
Suppose 2*u + 5*n = 299, -n = 2*u - 2*n - 317. Suppose 0 = -4*j + l + 222, 4*j - j = -4*l + u. Calculate the highest common factor of j and 5.
5
Suppose -399 = -24*b - 87. What is the highest common factor of b and 390?
13
Suppose h + 2 = -h, 2*y = -h + 31. Let i(f) = 12*f + 349. Let o be i(-29). Calculate the highest common divisor of o and y.
1
Suppose 3*t + 2*i - 7 = 2, 5*i = 2*t - 6. Suppose -4 = -0*o - 2*o. Suppose -8 = o*y, t*y + 33 = -0*c + c. What is the highest common divisor of 3 and c?
3
Suppose -u - 17*d = -18*d - 122, 3*d + 600 = 5*u. What is the highest common factor of 195 and u?
39
Let b be 11/2 + 9/18. Suppose 0 = b*c - 10 - 56. Suppose 3*y = 5*t + 89, -3*t - 61 - 32 = -3*y. What is the highest common factor of y and c?
11
Let l be -3*(1 - 91) - 4. Calculate the greatest common factor of l and 14.
14
Let l be (14/35)/(14/177240). What is the highest common divisor of l and 24?
24
Let p(l) = -2*l + 25. Let n be p(12). Let t be 96/(1 + -1 + n). What is the greatest common divisor of 24 and t?
24
Let w = -55 - -80. Let f be (w/(-10))/(3/(-6)). Suppose -r + 2 = 3, -f*r + 670 = 5*g. Calculate the greatest common factor of g and 15.
15
Suppose -v + 3*q = 3*v + 15, v = 2*q. Let o be (-75)/v*4/5. What is the highest common factor of o and 25?
5
Let g = 163 - 189. Let w(j) = -j - 10. Let z be w(g). Let b(y) = 2*y. Let o be b(1). Calculate the highest common divisor of z and o.
2
Suppose -18*c + 19*c - 81 = 0. Suppose 0 = 13*y - 8*y - 270. Calculate the highest common divisor of y and c.
27
Suppose -m + 7 = 12. Let d = m + 11. Calculate the highest common divisor of d and 24.
6
Let j be ((-24)/(-28))/(2/42). Suppose -56 = -26*f + 30*f. Let b = f + j. Calculate the greatest common factor of b and 8.
4
Let y be (-3)/12 + 10662/24. What is the greatest common factor of 12 and y?
12
Suppose p - 5*k = 19, -3*p + k - 2*k + 25 = 0. Calculate the highest common factor of 99 and p.
9
Let z(r) = -3 + 10*r - 3*r**2 + 3 + 4*r**2 + 4. Let a = -24 - -14. Let u be z(a). What is the highest common divisor of 8 and u?
4
Suppose 168 = -0*j + 3*j. Let s be 1/(-6) + (-150)/(-36). Suppose -1 - 31 = -s*k. Calculate the greatest common divisor of j and k.
8
Let g(f) = -40*f + 232. Let z be g(-15). What is the highest common factor of z and 26?
26
Let c(g) = 288*g**2 + 2*g - 2. Let z be c(1). Calculate the highest common factor of 32 and z.
32
Suppose -3*i - 25 = 26. Let g = 22 + i. Suppose 0 = 5*m + 3*p - 200, m = -m + 4*p + 80. What is the greatest common divisor of g and m?
5
Let m be 595/14*(1 - (-3)/(-15)). Let t = 64 + m. Let r = 13 + 1. Calculate the greatest common divisor of r and t.
14
Let h = 709 + -687. Calculate the greatest common factor of 77 and h.
11
Let a = -95 - -115. Suppose 3*u - 5*t - 280 = 0, -t + a = 4*t. Calculate the highest common divisor of u and 50.
50
Suppose -2*y = -2*h + 4*h - 104, 0 = -3*h + y + 148. Let s = h + -35. Let f = 26 + -16. Calculate the highest common factor of f and s.
5
Suppose -8*h - 942 = -11*h - 3*w, w = -5*h + 1574. Calculate the greatest common factor of 420 and h.
105
Let s = -66 + 79. Calculate the highest common divisor of s and 247.
13
Let d be 150/4*48/36. Let l = d - 39. Calculate the highest common factor of 55 and l.
11
Let h be (-60)/(-20)*(2 + 1). Suppose 1051 = 4*i + 5*q, -h*q + 8*q - 1 = 0. What is the highest common divisor of i and 24?
24
Let i = 197 - 149. Calculate the greatest common divisor of 72 and i.
24
Suppose -2*z + 3*x = x, z = 3*x - 8. Suppose 5*v = 2*q - 3*q + 41, 0 = 2*q - 5*v - 67. Calculate the highest common factor of q and z.
4
Suppose -119*s = 5*g - 115*s - 94, -67 = -4*g + 5*s. What is the highest common factor of g and 522?
18
Let c = 730 + -686. Calculate the highest common divisor of c and 4.
4
Let d(x) = x**2 + 7*x - 2. Let b be d(-10). Suppose 202 = 3*h + 2*f, 5*f + 11 = -9. Calculate the highest common factor of h and b.
14
Suppose 0 = -16*r + 14*r + 2. Suppose -t - r = -4. What is the greatest common divisor of 1 and t?
1
Suppose -3*i = -c + 49, c + 2*c = -2*i + 114. Let s = 23 - c. Let r = s - -31. Calculate the highest common factor of r and 21.
7
Let p be ((-10)/15)/(2/(-3)). Let m be -4*p/(8/(-14)). What is the highest common divisor of 14 and m?
7
Let j be 4/30*5*-21*-4. What is the greatest common divisor of j and 52?
4
Let s(u) = u**2 - 13*u + 8. Let f be s(9). Let n = f + 30. Suppose -4*q = -5*p - 73, -n*q + 25 = -p - 4. Calculate the greatest common divisor of 72 and q.
12
Let c(r) = 2*r**3 - 5*r**2 + 26*r - 31. Let k be c(5). Calculate the greatest common divisor of k and 84.
28
Let l(j) = -62*j**3 - 3*j**2 - 4*j + 1. Let c be l(-2). Calculate the highest common divisor of 87 and c.
29
Suppose 5*i - 6*a + 5*a = 0, 3*i - 2*a + 7 = 0. Calculate the greatest common divisor of i and 12.
1
Let v = -3014 + 3049. Let q = 43 + -29. What is the greatest common factor of v and q?
7
Let l be (-6)/((-3)/3 - 0). Suppose 2*g + 3*v + 1 = 0, -2*g + 5*v - l + 45 = 0. Suppose 4*m + 0*m - 308 = 0. What is the greatest common factor of m and g?
7
Suppose -3*r = 15, -5*r = 4*b - 32 - 15. Calculate the greatest common divisor of b and 14.
2
Let r be 4/(-30) + (-602)/(-15). Calculate the greatest common divisor of r and 100.
20
Suppose 5*j + 5*g - 19 = -4, 2*g = -j + 5. What is the greatest common factor of 71 and j?
1
Let u(n) = n**2 + 24*n + 129. Let i be u(-21). What is the greatest common divisor of i and 154?
22
Let f(m) = -6 + 0*m**3 - m**3 + 2 - 3*m - 3*m**2 + 1. Let g be f(-4). Calculate the highest common factor of g and 125.
25
Suppose 5*z = 2*k + 48, 0 = 44*z - 46*z - 5*k + 25. Suppose y - 5 = 0, -20 = v + 3*y - 8*y. Calculate the highest common divisor of z and v.
5
Suppose 9*l - 200 = l. Let u = 38 - l. What is the highest common factor of u and 117?
13
Suppose 4*m = 4, 5*o - 25 - 59 = -4*m. Calculate the highest common factor of 348 and o.
4
Suppose -2*p + 40 = o - 75, 3*o + 3*p - 354 = 0. Calculate the greatest common divisor of 77 and o.
11
Let c = 86 - 73. Let k(x) be the third derivative of 5*x**4/6 + 2*x**3/3 + 2*x**2. Let m be k(5). What is the greatest common divisor of m and c?
13
Let i be -2*(-194 - 2) + (1 - -1). Suppose 2*q - 2*j + 12 = 424, -5*q + 2*j = -1033. Let l = i - q. Calculate the highest common factor of 17 and l.
17
Suppose 1491 - 8891 = -40*d. What is the greatest common divisor of 703 and d?
37
Let w = 631 + -402. Suppose -5*p - m = -p - w, p = -3*m + 71. What is the greatest common divisor of 140 and p?
28
Let k be (0 - -6)/((-8)/(-68)). What is the highest common factor of 969 and k?
51
Let u(l) = 9*l + 70. Let h be u(2). What is the greatest common factor of 56 and h?
8
Suppose 32*u = -5*u + 10582. What is the greatest common factor of 110 and u?
22
Suppose 42*k = 51*k - 198. Let d = 7 + -2. Suppose -d*u + 2*m + 60 = 0, -k + 7 = -3*m. What is the greatest common divisor of 70 and u?
14
Let r = 17 + 338. What is the highest common divisor of r and 994?
71
Suppose a + 4*v = 25, 0 = 3*v - 7 - 5. Suppose a = 16*j - 15*j. What is the greatest common divisor of 99 and j?
9
Suppose -4*y + 3*w - 2*w = -412, w - 212 = -2*y. What is the highest common factor of y and 26?
26
Suppose -3*z + 89 = 2*c, -3*c + 17 = 3*z - 67. Suppose -3*q + 4*d = -18, -3*d + 69 - 10 = 5*q. Let f = q - 7. Calculate the highest common divisor of f and z.
3
Let z(r) = -r**2 - 11*r - 4. Let q be z(-10). Suppose 24 = 9*p - q*p. Let y = p - 0. What is the greatest common divisor of 16 and y?
8
Let j = -13 + -4. Let g = -11 - j. Let u be (-956)/(-20) + (-2)/(-10). What is the highest common factor of u and g?
6
Let y(x